{"id":29238,"date":"2025-03-04T13:26:46","date_gmt":"2025-03-04T12:26:46","guid":{"rendered":"https:\/\/festyggdrasil.fr\/?page_id=29238"},"modified":"2025-05-06T15:36:04","modified_gmt":"2025-05-06T13:36:04","slug":"devenir-stagiaire-en-couture","status":"publish","type":"page","link":"https:\/\/festyggdrasil.fr\/index.php\/home\/devenir-stagiaire-en-couture\/","title":{"rendered":"Devenir stagiaire en couture"},"content":{"rendered":"\t\t<div data-elementor-type=\"wp-page\" data-elementor-id=\"29238\" class=\"elementor elementor-29238\" data-elementor-settings=\"{&quot;ha_cmc_init_switcher&quot;:&quot;no&quot;}\" data-elementor-post-type=\"page\">\n\t\t\t\t<div class=\"elementor-element elementor-element-62785974 e-con-full e-flex e-con e-parent\" data-id=\"62785974\" data-element_type=\"container\" data-e-type=\"container\" data-settings=\"{&quot;background_background&quot;:&quot;classic&quot;,&quot;_ha_eqh_enable&quot;:false}\">\n\t\t<div class=\"elementor-element elementor-element-7317ba06 e-con-full e-flex e-con e-child\" data-id=\"7317ba06\" data-element_type=\"container\" data-e-type=\"container\" data-settings=\"{&quot;_ha_eqh_enable&quot;:false}\">\n\t\t\t\t<div class=\"elementor-element elementor-element-567dc110 elementor-widget__width-inherit elementor-widget elementor-widget-heading\" data-id=\"567dc110\" data-element_type=\"widget\" data-e-type=\"widget\" data-widget_type=\"heading.default\">\n\t\t\t\t<div class=\"elementor-widget-container\">\n\t\t\t\t\t<h1 class=\"elementor-heading-title elementor-size-default\">Devenir stagiaire en couture chez Festival Yggdrasil<\/h1>\t\t\t\t<\/div>\n\t\t\t\t<\/div>\n\t\t\t\t<div class=\"elementor-element elementor-element-3261b5d0 elementor-widget elementor-widget-text-editor\" data-id=\"3261b5d0\" data-element_type=\"widget\" data-e-type=\"widget\" data-widget_type=\"text-editor.default\">\n\t\t\t\t<div class=\"elementor-widget-container\">\n\t\t\t\t\t\t\t\t\t<p data-start=\"79\" data-end=\"495\">Le <strong data-start=\"82\" data-end=\"104\">festival Yggdrasil<\/strong>, c\u2019est bien plus qu\u2019un \u00e9v\u00e9nement : c\u2019est une porte ouverte vers les mondes de l\u2019imaginaire, un lieu o\u00f9 se croisent passionn\u00e9s de <strong data-start=\"234\" data-end=\"254\">geek-pop-culture<\/strong>, cr\u00e9atures fantastiques et aventuriers en qu\u00eate d\u2019\u00e9merveillement. Chaque ann\u00e9e, plus de <strong data-start=\"343\" data-end=\"363\">30 000 visiteurs<\/strong> se laissent transporter par cette exp\u00e9rience immersive, et notre mission est de leur offrir un spectacle toujours plus grandiose.<\/p><p data-start=\"497\" data-end=\"581\">Votre mission ? Concevoir et r\u00e9aliser des costumes spectaculaires qui donneront vie aux personnages et aux univers du festival !<\/p>\t\t\t\t\t\t\t\t<\/div>\n\t\t\t\t<\/div>\n\t\t\t\t<\/div>\n\t\t\t\t<\/div>\n\t\t<div class=\"elementor-element elementor-element-02aaa63 e-flex e-con-boxed e-con e-parent\" data-id=\"02aaa63\" data-element_type=\"container\" data-e-type=\"container\" data-settings=\"{&quot;background_background&quot;:&quot;classic&quot;,&quot;_ha_eqh_enable&quot;:false}\">\n\t\t\t\t\t<div class=\"e-con-inner\">\n\t\t\t\t<div class=\"elementor-element elementor-element-13f7ac8 elementor-widget elementor-widget-spacer\" data-id=\"13f7ac8\" data-element_type=\"widget\" data-e-type=\"widget\" data-widget_type=\"spacer.default\">\n\t\t\t\t<div class=\"elementor-widget-container\">\n\t\t\t\t\t\t\t<div class=\"elementor-spacer\">\n\t\t\t<div class=\"elementor-spacer-inner\"><\/div>\n\t\t<\/div>\n\t\t\t\t\t\t<\/div>\n\t\t\t\t<\/div>\n\t\t\t\t\t<\/div>\n\t\t\t\t<\/div>\n\t\t<div class=\"elementor-element elementor-element-9e759a7 e-grid e-con-boxed e-con e-parent\" data-id=\"9e759a7\" data-element_type=\"container\" data-e-type=\"container\" data-settings=\"{&quot;background_background&quot;:&quot;classic&quot;,&quot;_ha_eqh_enable&quot;:false}\">\n\t\t\t\t\t<div class=\"e-con-inner\">\n\t\t\t\t<div class=\"elementor-element elementor-element-263ff20 elementor-widget elementor-widget-heading\" data-id=\"263ff20\" data-element_type=\"widget\" data-e-type=\"widget\" data-widget_type=\"heading.default\">\n\t\t\t\t<div class=\"elementor-widget-container\">\n\t\t\t\t\t<h2 class=\"elementor-heading-title elementor-size-default\">Missions demand\u00e9es<\/h2>\t\t\t\t<\/div>\n\t\t\t\t<\/div>\n\t\t\t\t<div class=\"elementor-element elementor-element-ce61aac elementor-widget elementor-widget-text-editor\" data-id=\"ce61aac\" data-element_type=\"widget\" data-e-type=\"widget\" data-widget_type=\"text-editor.default\">\n\t\t\t\t<div class=\"elementor-widget-container\">\n\t\t\t\t\t\t\t\t\t<ul><li><strong data-start=\"624\" data-end=\"668\">Imaginer et cr\u00e9er des costumes immersifs<\/strong> : Du croquis \u00e0 la r\u00e9alisation, vous concevez des tenues qui transportent le public dans un autre monde.<\/li><li><strong data-start=\"777\" data-end=\"809\">Coudre, ajuster et assembler<\/strong> : Vous maniez tissus, accessoires et ornements pour donner vie \u00e0 des cr\u00e9ations uniques et d\u00e9taill\u00e9es.<\/li><li><strong data-start=\"917\" data-end=\"966\">Participer \u00e0 la mise en sc\u00e8ne des personnages<\/strong> : Vos costumes doivent non seulement \u00eatre visuellement impactants mais aussi confortables et adapt\u00e9s aux performances des artistes et figurants.<\/li><li><strong data-start=\"1117\" data-end=\"1144\">Customiser et restaurer<\/strong> : Entretenir les costumes, apporter des retouches et ajouter des finitions pour un rendu impeccable.<br data-start=\"1245\" data-end=\"1248\" \/><br \/><\/li><\/ul>\t\t\t\t\t\t\t\t<\/div>\n\t\t\t\t<\/div>\n\t\t\t\t\t<\/div>\n\t\t\t\t<\/div>\n\t\t<div class=\"elementor-element elementor-element-9e8ef59 e-flex e-con-boxed e-con e-parent\" data-id=\"9e8ef59\" data-element_type=\"container\" data-e-type=\"container\" data-settings=\"{&quot;background_background&quot;:&quot;classic&quot;,&quot;_ha_eqh_enable&quot;:false}\">\n\t\t\t\t\t<div class=\"e-con-inner\">\n\t\t\t\t<div class=\"elementor-element elementor-element-e1c93e3 elementor-widget-divider--view-line elementor-widget elementor-widget-divider\" data-id=\"e1c93e3\" data-element_type=\"widget\" data-e-type=\"widget\" data-widget_type=\"divider.default\">\n\t\t\t\t<div class=\"elementor-widget-container\">\n\t\t\t\t\t\t\t<div class=\"elementor-divider\">\n\t\t\t<span class=\"elementor-divider-separator\">\n\t\t\t\t\t\t<\/span>\n\t\t<\/div>\n\t\t\t\t\t\t<\/div>\n\t\t\t\t<\/div>\n\t\t\t\t\t<\/div>\n\t\t\t\t<\/div>\n\t\t<div class=\"elementor-element elementor-element-23cc945 e-grid e-con-boxed e-con e-parent\" data-id=\"23cc945\" data-element_type=\"container\" data-e-type=\"container\" data-settings=\"{&quot;background_background&quot;:&quot;classic&quot;,&quot;_ha_eqh_enable&quot;:false}\">\n\t\t\t\t\t<div class=\"e-con-inner\">\n\t\t\t\t<div class=\"elementor-element elementor-element-30a65e4 elementor-widget elementor-widget-heading\" data-id=\"30a65e4\" data-element_type=\"widget\" data-e-type=\"widget\" data-widget_type=\"heading.default\">\n\t\t\t\t<div class=\"elementor-widget-container\">\n\t\t\t\t\t<h2 class=\"elementor-heading-title elementor-size-default\">Atouts pour r\u00e9ussir<\/h2>\t\t\t\t<\/div>\n\t\t\t\t<\/div>\n\t\t\t\t<div class=\"elementor-element elementor-element-0423c62 elementor-widget elementor-widget-text-editor\" data-id=\"0423c62\" data-element_type=\"widget\" data-e-type=\"widget\" data-widget_type=\"text-editor.default\">\n\t\t\t\t<div class=\"elementor-widget-container\">\n\t\t\t\t\t\t\t\t\t<ul><li><strong data-start=\"1476\" data-end=\"1508\">Cr\u00e9ativit\u00e9 et sens du d\u00e9tail<\/strong> : Chaque costume raconte une histoire et doit captiver le regard.<\/li><li><strong data-start=\"1580\" data-end=\"1635\">Ma\u00eetrise des techniques de couture et de confection<\/strong> : Vous savez travailler diff\u00e9rents types de tissus et cr\u00e9er des pi\u00e8ces solides et esth\u00e9tiques.<\/li><li><strong data-start=\"1736\" data-end=\"1773\">Comp\u00e9tences en teinture et patine<\/strong> (un plus) : Vieillir un costume, lui donner du relief et du r\u00e9alisme fait partie des techniques qui subliment une cr\u00e9ation.<\/li><li><strong data-start=\"1903\" data-end=\"1932\">Polyvalence et r\u00e9activit\u00e9<\/strong> : Travailler sur un festival implique des ajustements de derni\u00e8re minute et une capacit\u00e9 \u00e0 s\u2019adapter rapidement.<\/li><\/ul>\t\t\t\t\t\t\t\t<\/div>\n\t\t\t\t<\/div>\n\t\t\t\t\t<\/div>\n\t\t\t\t<\/div>\n\t\t<div class=\"elementor-element elementor-element-05cb9d7 e-flex e-con-boxed e-con e-parent\" data-id=\"05cb9d7\" data-element_type=\"container\" data-e-type=\"container\" data-settings=\"{&quot;background_background&quot;:&quot;classic&quot;,&quot;_ha_eqh_enable&quot;:false}\">\n\t\t\t\t\t<div class=\"e-con-inner\">\n\t\t\t\t<div class=\"elementor-element elementor-element-cf8f02d elementor-widget-divider--view-line elementor-widget elementor-widget-divider\" data-id=\"cf8f02d\" data-element_type=\"widget\" data-e-type=\"widget\" data-widget_type=\"divider.default\">\n\t\t\t\t<div class=\"elementor-widget-container\">\n\t\t\t\t\t\t\t<div class=\"elementor-divider\">\n\t\t\t<span class=\"elementor-divider-separator\">\n\t\t\t\t\t\t<\/span>\n\t\t<\/div>\n\t\t\t\t\t\t<\/div>\n\t\t\t\t<\/div>\n\t\t\t\t\t<\/div>\n\t\t\t\t<\/div>\n\t\t<div class=\"elementor-element elementor-element-01cda26 e-grid e-con-boxed e-con e-parent\" data-id=\"01cda26\" data-element_type=\"container\" data-e-type=\"container\" data-settings=\"{&quot;background_background&quot;:&quot;classic&quot;,&quot;_ha_eqh_enable&quot;:false}\">\n\t\t\t\t\t<div class=\"e-con-inner\">\n\t\t\t\t<div class=\"elementor-element elementor-element-fd89f9c elementor-widget elementor-widget-heading\" data-id=\"fd89f9c\" data-element_type=\"widget\" data-e-type=\"widget\" data-widget_type=\"heading.default\">\n\t\t\t\t<div class=\"elementor-widget-container\">\n\t\t\t\t\t<h2 class=\"elementor-heading-title elementor-size-default\">Ce que nous pouvons vous apporter<\/h2>\t\t\t\t<\/div>\n\t\t\t\t<\/div>\n\t\t\t\t<div class=\"elementor-element elementor-element-951a74d elementor-widget elementor-widget-text-editor\" data-id=\"951a74d\" data-element_type=\"widget\" data-e-type=\"widget\" data-widget_type=\"text-editor.default\">\n\t\t\t\t<div class=\"elementor-widget-container\">\n\t\t\t\t\t\t\t\t\t<ul><li><strong data-start=\"47\" data-end=\"103\">Un terrain d\u2019expression unique pour votre cr\u00e9ativit\u00e9<\/strong> : Ici, pas de limites ! Donnez vie aux costumes de vos r\u00eaves et explorez des styles vari\u00e9s, du m\u00e9di\u00e9val fantastique au steampunk en passant par la science-fiction.<\/li><li><strong data-start=\"273\" data-end=\"325\">Un savoir-faire enrichi au contact de passionn\u00e9s<\/strong> : Travailler aux c\u00f4t\u00e9s d\u2019autres artisans, costumiers, sc\u00e9nographes et cr\u00e9ateurs vous permettra d\u2019apprendre de nouvelles techniques et d\u2019affiner votre art.<\/li><li><strong data-start=\"486\" data-end=\"534\">Une exp\u00e9rience immersive dans l\u2019\u00e9v\u00e9nementiel<\/strong> : Plongez dans les coulisses d\u2019un festival grandiose, o\u00f9 chaque d\u00e9tail contribue \u00e0 la magie et \u00e0 l\u2019\u00e9merveillement du public.<\/li><li><strong data-start=\"665\" data-end=\"703\">Une aventure humaine et collective<\/strong> : Rejoindre Yggdrasil, c\u2019est int\u00e9grer une \u00e9quipe soud\u00e9e, o\u00f9 l\u2019entraide et la passion sont au c\u0153ur de chaque cr\u00e9ation.<\/li><\/ul>\t\t\t\t\t\t\t\t<\/div>\n\t\t\t\t<\/div>\n\t\t\t\t\t<\/div>\n\t\t\t\t<\/div>\n\t\t<div class=\"elementor-element elementor-element-07ce9ad e-flex e-con-boxed e-con e-parent\" data-id=\"07ce9ad\" data-element_type=\"container\" data-e-type=\"container\" data-settings=\"{&quot;background_background&quot;:&quot;classic&quot;,&quot;_ha_eqh_enable&quot;:false}\">\n\t\t\t\t\t<div class=\"e-con-inner\">\n\t\t\t\t<div class=\"elementor-element elementor-element-54fa4ef elementor-widget elementor-widget-spacer\" data-id=\"54fa4ef\" data-element_type=\"widget\" data-e-type=\"widget\" data-widget_type=\"spacer.default\">\n\t\t\t\t<div class=\"elementor-widget-container\">\n\t\t\t\t\t\t\t<div class=\"elementor-spacer\">\n\t\t\t<div class=\"elementor-spacer-inner\"><\/div>\n\t\t<\/div>\n\t\t\t\t\t\t<\/div>\n\t\t\t\t<\/div>\n\t\t\t\t\t<\/div>\n\t\t\t\t<\/div>\n\t\t<div class=\"elementor-element elementor-element-e4183f4 e-flex e-con-boxed e-con e-parent\" data-id=\"e4183f4\" data-element_type=\"container\" data-e-type=\"container\" data-settings=\"{&quot;background_background&quot;:&quot;classic&quot;,&quot;_ha_eqh_enable&quot;:false}\">\n\t\t\t\t\t<div class=\"e-con-inner\">\n\t\t\t\t<div class=\"elementor-element elementor-element-8dc7a6f elementor-align-right elementor-widget elementor-widget-button\" data-id=\"8dc7a6f\" data-element_type=\"widget\" data-e-type=\"widget\" data-widget_type=\"button.default\">\n\t\t\t\t<div class=\"elementor-widget-container\">\n\t\t\t\t\t\t\t\t\t<div class=\"elementor-button-wrapper\">\n\t\t\t\t\t<a class=\"elementor-button elementor-button-link elementor-size-sm\" href=\"mailto:stage@festivalyggdrasil.com\">\n\t\t\t\t\t\t<span class=\"elementor-button-content-wrapper\">\n\t\t\t\t\t\t\t\t\t<span class=\"elementor-button-text\">Contact inscrition<\/span>\n\t\t\t\t\t<\/span>\n\t\t\t\t\t<\/a>\n\t\t\t\t<\/div>\n\t\t\t\t\t\t\t\t<\/div>\n\t\t\t\t<\/div>\n\t\t\t\t\t<\/div>\n\t\t\t\t<\/div>\n\t\t\t\t<\/div>\n\t\t","protected":false},"excerpt":{"rendered":"<p>Devenir stagiaire en couture chez Festival Yggdrasil Le festival Yggdrasil, c\u2019est bien plus qu\u2019un \u00e9v\u00e9nement : c\u2019est une porte ouverte vers les mondes de l\u2019imaginaire, un lieu o\u00f9 se croisent passionn\u00e9s de geek-pop-culture, cr\u00e9atures fantastiques et aventuriers en qu\u00eate d\u2019\u00e9merveillement. Chaque ann\u00e9e, plus de 30 000 visiteurs se laissent transporter par cette exp\u00e9rience immersive, et [&hellip;]<\/p>\n","protected":false},"author":6,"featured_media":0,"parent":8,"menu_order":0,"comment_status":"open","ping_status":"closed","template":"","meta":{"footnotes":""},"wf_page_folders":[100],"class_list":["post-29238","page","type-page","status-publish","hentry"],"_links":{"self":[{"href":"https:\/\/festyggdrasil.fr\/index.php\/wp-json\/wp\/v2\/pages\/29238","targetHints":{"allow":["GET"]}}],"collection":[{"href":"https:\/\/festyggdrasil.fr\/index.php\/wp-json\/wp\/v2\/pages"}],"about":[{"href":"https:\/\/festyggdrasil.fr\/index.php\/wp-json\/wp\/v2\/types\/page"}],"author":[{"embeddable":true,"href":"https:\/\/festyggdrasil.fr\/index.php\/wp-json\/wp\/v2\/users\/6"}],"replies":[{"embeddable":true,"href":"https:\/\/festyggdrasil.fr\/index.php\/wp-json\/wp\/v2\/comments?post=29238"}],"version-history":[{"count":9,"href":"https:\/\/festyggdrasil.fr\/index.php\/wp-json\/wp\/v2\/pages\/29238\/revisions"}],"predecessor-version":[{"id":29906,"href":"https:\/\/festyggdrasil.fr\/index.php\/wp-json\/wp\/v2\/pages\/29238\/revisions\/29906"}],"up":[{"embeddable":true,"href":"https:\/\/festyggdrasil.fr\/index.php\/wp-json\/wp\/v2\/pages\/8"}],"wp:attachment":[{"href":"https:\/\/festyggdrasil.fr\/index.php\/wp-json\/wp\/v2\/media?parent=29238"}],"wp:term":[{"taxonomy":"wf_page_folders","embeddable":true,"href":"https:\/\/festyggdrasil.fr\/index.php\/wp-json\/wp\/v2\/wf_page_folders?post=29238"}],"curies":[{"name":"wp","href":"https:\/\/api.w.org\/{rel}","templated":true}]}}